*n - n. List the prime factors of k(n).
2, 7
Suppose -4*h + 2*h + 10 = 0, 2*v = 3*h - 47. Let r = 17 + v. List the prime factors of (47/r)/(1/1).
47
Suppose -7 = -3*s - 0*s - i, -2*s - 4*i = 2. Suppose -531 = -4*o + s*g, g - 2*g - 402 = -3*o. What are the prime factors of o?
3, 5
Suppose 13*q = 11880 + 8179. What are the prime factors of q?
1543
Suppose -4*c - 119 = -y - c, -y + 4*c + 114 = 0. Let a = -92 + y. List the prime factors of a.
2, 3, 7
Suppose 4*p = -5*s + 993, 5*s - p = -0*p + 983. List the prime factors of s.
197
Let c(w) = w - 3. Let b be c(9). What are the prime factors of 356/6 + (-8)/b?
2, 29
Suppose -5*p = -v - v - 1897, -4*v = -3*p + 1141. List the prime factors of p.
379
Let v = 1123 - 770. List the prime factors of v.
353
List the prime factors of (-2 - -1) + -2 + 330.
3, 109
Let w be 23/7 - (-20)/(-70). Let f = -9 + 13. Suppose -w*p + f*h - h = -66, -4*p - 2*h + 94 = 0. List the prime factors of p.
23
List the prime factors of 743505/292 - (-2 + -1)/(-12).
2, 19, 67
Let i(g) = 11*g**2 - 5*g - 4. Suppose -10*t - 4 = -44. What are the prime factors of i(t)?
2, 19
Let u = 2568 - 1531. What are the prime factors of u?
17, 61
List the prime factors of -3644*2/((4 - 0)/(-1)).
2, 911
Suppose 0*r = 2*r - 4. Suppose 0*k - 2*g = -r*k + 38, 20 = -4*g. What are the prime factors of k?
2, 7
Let p = -115 - -191. Suppose p = x - 0*x. List the prime factors of x.
2, 19
Let a be (-390)/91*70/2. What are the prime factors of ((-6)/4)/(9/a)?
5
List the prime factors of (-8)/24 + 2524/3 + 0.
29
Let h = 33 + -29. Let g be h/(-6)*210/(-20). Suppose -2*d = -g - 89. List the prime factors of d.
2, 3
Let f(r) be the second derivative of -r**6/720 + r**5/24 - r**4/12 + 3*r. Let z(x) be the third derivative of f(x). What are the prime factors of z(0)?
5
Let o be (-1 - -2)/(3/(-6)). Let r(z) = -11*z**3 - 3*z**2 - z + 2. What are the prime factors of r(o)?
2, 5
Suppose 14*l - 7*l - 14 = 0. Suppose -3*r = -4*c + 303, -r = 2*c + l*r - 129. What are the prime factors of c?
2, 3
Suppose -1704 = -6*b - 6*b. List the prime factors of -3 + b/((-2)/(-1)) + -1.
67
Let j = -39 + 42. Suppose -j*g + 4*n = 2*n - 109, 3*n - 64 = -2*g. List the prime factors of g.
5, 7
Let l = -25 + 42. Let t = l + -15. Suppose -t*g + 12 = -5*y - 1, g - 10 = -y. What are the prime factors of g?
3
Suppose 46 + 23 = -3*l. Let a = 91 + l. List the prime factors of a.
2, 17
Let s(m) = -m**3 + 5*m**2 - m + 7. Let d be s(5). Suppose -2*p = g - 3*p - 137, -g - d*p = -125. List the prime factors of g.
7, 19
Let r be -5*4/30*-3. Let a be 0/(1 - -3) - -2. Suppose 100 = 5*q - a*k, -2*q + r*k - 76 = -5*q. What are the prime factors of q?
2, 11
Let w(b) = -2*b**3 + 10*b**2 + 20*b + 3. What are the prime factors of w(-11)?
5, 17, 43
Suppose x + 0 = 11. Let i be 10/(-2) - (x - 14). List the prime factors of (-1 - i) + 16 + 7.
2, 3
Let k = -8 - -69. List the prime factors of k.
61
Suppose -3 = 10*t - 11*t. Suppose -t*f + f = -g - 554, 0 = 5*f - g - 1382. List the prime factors of f.
2, 3, 23
Suppose -s + 1 = -1. Let l be (-4)/(-24)*s*114. Suppose 0*y + y - 2*j - 12 = 0, -l = -4*y - 2*j. What are the prime factors of y?
2, 5
Suppose 5*f + 1 - 16 = 0. Let h be f + (-3 + 2)*2. List the prime factors of 5 + (-3 - (0 - h)).
3
Let l = -5 + 7. Suppose 0 = t + 4*s + 41, -4*s - 18 = -l. What are the prime factors of -3*(t/3 + -2)?
31
Suppose -3*r - 2*x + 9 = 1, 0 = -r + 2*x - 8. Let k(f) = f**3 - f**2 + 2*f + 73. List the prime factors of k(r).
73
Let m = -201 + 96. Let p = -41 - m. List the prime factors of p.
2
Suppose -2*f - 4444 = -5*x + 3344, 3*f = -5*x + 7768. List the prime factors of x.
2, 389
What are the prime factors of (-78410)/(-42) - ((-14)/(-147))/(-1)?
1867
Suppose 47*b - 6173 = 44*b + 2*z, -4*b = -z - 8229. What are the prime factors of b?
11, 17
Suppose 5*q = -4*k + 19007, -6*k + 5*q + 23725 = -k. What are the prime factors of k?
2, 1187
Let k(n) = 7*n**3 + 6*n + 10. Let u(f) = -20*f**3 - 17*f - 29. Let i(r) = -17*k(r) - 6*u(r). Let s be i(0). Let z = s - 2. What are the prime factors of z?
2
Let y(v) = 5*v**2 + 6*v - 170. List the prime factors of y(-16).
2, 3, 13
Let v(c) = 15 - 3*c**2 + 3*c**2 + c - 6 - c**3. Let d be v(0). Let x = 11 - d. List the prime factors of x.
2
Let w(o) = -3*o - 13. Let x be w(-11). Suppose -4*v + 18 = 2*v. List the prime factors of (3/v)/(5/x).
2
Suppose 0 = 2*h - 3*h - 1. Suppose 2*t + 13 = -5*w, 5*t + 9 = -4*w + 2. List the prime factors of (w + h - -1)*-9.
3
Let w(a) = -a**3 - 8*a**2 + 36*a + 35. List the prime factors of w(-16).
11, 137
Suppose 5*x + 9 = -2*u - 0, 0 = u + 3*x + 5. What are the prime factors of u/14*18*-28?
2, 3
Let x(p) = 8*p**2 + 5*p - 2. Let w be x(3). Suppose -5*v + w = 5*t, 0 = 5*t - 2*v - 18 - 53. List the prime factors of t.
3, 5
Suppose -3*p + 20 = 2*p. Suppose p*i - 351 = i. What are the prime factors of i?
3, 13
Let s(k) = 3*k**3 - 57*k**2 - 42*k - 49. List the prime factors of s(20).
311
Suppose -4*j = 3*u - 6024, -149*u - 3*j + 8025 = -145*u. List the prime factors of u.
2, 3, 167
Let c(r) be the second derivative of -r**5/20 + 5*r**4/6 + r**3/6 + 4*r**2 - 9*r. List the prime factors of c(10).
2, 3
Let b(z) = -2*z - 5. Let u be b(-5). Suppose y + 2*n = -4, 2*y + 32 = 5*y - u*n. Suppose -1 = -m, 120 = y*d - 2*m + 10. What are the prime factors of d?
2, 7
Let m(q) = 3*q + 141. What are the prime factors of m(5)?
2, 3, 13
Let a = 32 - 19. Suppose a*b - 8*b = -20. List the prime factors of ((-6)/b)/(9/330).
5, 11
Let u(z) = 6*z**3 - 6*z**2 + 19*z - 8. What are the prime factors of u(7)?
1889
Let m(j) = j**3 + 16*j**2. Let g be m(-16). What are the prime factors of g/(-4) + 72 + 2?
2, 37
Suppose 22 + 58 = -4*h. Let i be ((-32)/h)/(3/75). Suppose 3*n - 11 - i = 0. What are the prime factors of n?
17
Suppose 2*v + 30 = 5*o, 2*v = -11 + 1. Let x(k) = 3*k**2 - 3. List the prime factors of x(o).
3, 5
Suppose -5*c - 68 = -323. Suppose c = r + 2*r. List the prime factors of r.
17
Let d be 4/18 - (-68)/18. Suppose d*b = 393 + 719. List the prime factors of b.
2, 139
Let l = 214 + -105. List the prime factors of l.
109
Let i = -15 - -18. Suppose i*b = -3*j, -10 + 2 = -5*j - 3*b. Suppose 3*t = -j*k + 67, t - 62 = 5*k - 8. List the prime factors of t.
29
Suppose 7*x - 6*x = 186. Suppose 6*y - x = 3*y. List the prime factors of y.
2, 31
Let k = 2210 + -1817. What are the prime factors of k?
3, 131
Let s(q) = 15*q + 3*q + 10 + 0*q - q**2 + 1. What are the prime factors of s(9)?
2, 23
Let z(l) = 198*l**2 + 11*l + 23. What are the prime factors of z(-2)?
13, 61
Let t(w) = -w**3 - 5*w**2 - 11*w - 20. Let u be t(-5). Suppose 24 + 0 = -3*v. Let k = u - v. List the prime factors of k.
43
Let o = 32 - 27. Suppose -m + r + 11 = 0, 7 = 4*m - o*r - 37. What are the prime factors of m?
11
Suppose -4*r + 2*r = -4. Suppose 5*w - r = 18. Suppose 82 = w*n - 2*c, 0 = -4*n + c + 60 + 17. List the prime factors of n.
2, 3
Let i = -25 - -2. Let l(o) = o**3 + 25*o**2 + 43*o - 22. List the prime factors of l(i).
47
Let a be ((-2)/(-3))/((-4)/(-18)). Suppose -3*d + 0 = -a. Let z(u) = 13*u - 1. List the prime factors of z(d).
2, 3
Let v = -8 - -4. Let l be 1*(3 - -19) + 1. Let u = l + v. What are the prime factors of u?
19
Let m(h) = -h**2 - 1 + 0*h**2 - 23*h + 7*h + 2*h. List the prime factors of m(-9).
2, 11
Suppose 5*h + 2800 = 10*h. What are the prime factors of h?
2, 5, 7
Let x = 2622 + -125. What are the prime factors of x?
11, 227
Let l(p) = -5*p + 2. Suppose -5*w - 6 - 74 = 0. Let d = 10 + w. List the prime factors of l(d).
2
Let h = -1088 + 1676. What are the prime factors of h?
2, 3, 7
Let o be (-1)/((-2)/(-36)*-2). Suppose -5*h = p + 9, -p - 10*h + 3 = -9*h. What are the prime factors of 3*o + p/(-2)?
2, 3
Let b = 466 + -357. What are the prime factors of b?
109
Suppose -5*y + 12 + 13 = 0. Let s be -186 + y/(15/(-12)). What are the prime factors of s/(-4) + (-8)/(-16)?
2, 3
Let v be -6*22/15*-5. Suppose -v = -2*d - 0*d. Suppose -l - 47 = -2*i, -d - 1 = -i + l. What are the prime factors of i?
2, 3
Let t(l) = -7*l - 14. Let d = -2 - 4. Let k be t(d). Suppose -q + k = -0*q. List the prime factors of q.
2, 7
Let s(u) = 3*u**2 - 6*u + 1. Let c(z) = 2*z**2 - 10*z + 6. Let j be c(4). List the prime factors of s(j).
5
Let r(o) = -4 + 0 - o + 8*o - 2*o. What a